+ (2 - -2). Suppose 3*j - 15 = -0. Let f(s) = -4*s + 9. Let y(u) = 3*u - 8. Let p(l) = j*f(l) + 6*y(l). Determine p(z).
-9
Let m be 0/((-9)/(-3)) - 3. Let y(z) = -2*z - 2. Calculate y(m).
4
Let s = 50 + -46. Let r(p) = -2*p + 2. Give r(s).
-6
Let a(m) = m - 6. Suppose -3*c + 2*d = -d + 6, 0 = 4*c + d - 17. Determine a(c).
-3
Suppose 0 = 5*n + 2 + 3. Let d(f) = 4*f + 9*f - 4*f. Calculate d(n).
-9
Let y(t) = 3*t**2 - 6*t. Let r(i) = -2*i**2 + 6*i - 1. Let s(m) = 4*r(m) + 3*y(m). Let o(u) be the first derivative of s(u). What is o(-6)?
-6
Suppose 4 + 0 = 5*m + 3*l, -8 = -4*m - 4*l. Let z = 4 - m. Let u(r) = -r - 13 + 0*r**2 - z*r - 2*r**2 + 11. Give u(-4).
-10
Let a be (12/2)/(-5 + 7). Let u(o) = 3*o - 3. Give u(a).
6
Let v(o) = 3*o - 47. Let s(d) = -2*d + 31. Let n(a) = 8*s(a) + 5*v(a). Let f be n(7). Let g(q) = -4*q**2 + q + f*q**2 + 5*q**2 + 1. What is g(-1)?
7
Let k(d) = -13*d**2 + 0 - 11*d**2 + 10*d + 23*d**2 - 2. Determine k(9).
7
Let d(h) be the third derivative of -h**5/60 + h**4/24 + h**3/6 + h**2. Let g(t) = 4*t**2 + 6*t - 2*t - t**3 - 4 - 2*t**2. Let j be g(3). What is d(j)?
-1
Let g(i) be the third derivative of i**4/6 - i**3/3 - i**2. Calculate g(-3).
-14
Let a(w) be the third derivative of -w**5/60 - w**4/12 - w**3 + 10*w**2. Let j be a(-2). Let r(g) = 4 - 3 - 2*g + g. Give r(j).
7
Suppose -4*x = x. Suppose -f = -1 - 3. Suppose m + 0*m - 17 = -4*o, x = -3*o - f*m + 3. Let l(j) = j**2 - 6*j + 4. Determine l(o).
-1
Suppose -2*x - 16 + 2 = 0. Let u(w) be the second derivative of -w**3/6 - 3*w**2/2 - 14*w. Calculate u(x).
4
Suppose 0 = 2*o - 24 + 20. Let v(n) = 3*n + 2. Give v(o).
8
Let o(j) = -j + 2. Suppose 3*l - c + 2*c = -5, -3*l - 4*c = -7. Calculate o(l).
5
Let l(w) = -w**3 - 4*w**2 + 5*w + 1. Let r(n) = n**3 + 6*n**2 - 4. Let k be r(-6). Calculate l(k).
-19
Let p(s) be the second derivative of -s**3/2 - 3*s**2/2 + 5*s. Let r(h) = 13*h + 13. Let y(d) = 9*p(d) + 2*r(d). Calculate y(7).
-8
Let p(g) = 10*g + 1. Suppose 0*t - s = 4*t + 18, -2*t - 5*s = 18. Let w be (-2 - t)*-1 - -1. Determine p(w).
-9
Suppose 9*q = 6*q + 2*i + 11, -q - i - 3 = 0. Let h(z) = 5*z**3 + 2*z**2 - 1. What is h(q)?
6
Let d = 1 - 2. Let k = 1 - d. Let z(i) = -36*i**2 + 6*i + 15. Let s(j) = -5*j**2 + j + 2. Let v(q) = -15*s(q) + 2*z(q). What is v(k)?
6
Let w(v) = -v**3 - 6*v**2 - 4*v - 7. Suppose -5*z = 3*u + 40, z + 0*z = u. Give w(u).
-12
Let g(h) be the second derivative of h**5/20 - 5*h**4/12 + h**3 - h**2/2 - h. Let f = -16 - -9. Let l = -3 - f. What is g(l)?
7
Let k be (-6)/4*(-1 + 7). Let p be (3/k)/(1/(-6)). Let i(m) = 2*m**2 + m + 1. Calculate i(p).
11
Let i(p) = p**2 - p - 6. Let a(t) = -t**3 + 4*t**2 - 2*t - 3. Let q be a(3). Determine i(q).
-6
Let y(c) = c**2 + 4*c - 4. Let w(m) = -2*m + 14. Let x be w(9). What is y(x)?
-4
Let u(m) = -4*m**2 - 7*m - 7. Let v(z) = z**2 + 2*z + 2. Let j(t) = 2*u(t) + 9*v(t). Let s(n) be the first derivative of j(n). Calculate s(-3).
-2
Let c(d) be the third derivative of 1/6*d**3 + 0 - 1/40*d**5 - d**2 + 0*d + 1/24*d**4. Let a(w) be the first derivative of c(w). Give a(3).
-8
Let t(m) = 5*m**2 - 3 + 303*m + m**3 - 152*m - 147*m. What is t(-4)?
-3
Let v(k) = k**3 + 6. Suppose 3*q + q + l + 7 = 0, -3*l - 4 = -5*q. Let s(n) = -n**2 - 3 + 0 + 4. Let f be s(q). Calculate v(f).
6
Let x be (-552)/60 - (-2)/10. Let t(w) = w**2 + 9*w + 4. Give t(x).
4
Let o(a) = a. Let x be (3/2)/((-3)/(-4)). Suppose z - x*z = -1. Suppose z - 8 = -4*b - l, -2*b = -2*l - 6. Give o(b).
2
Let z(n) = -15*n**3 - 7*n**2 + 5*n - 7. Let p(t) = 30*t**3 + 13*t**2 - 9*t + 13. Let h(d) = -6*p(d) - 11*z(d). Determine h(-1).
14
Let t(z) = 5*z - 7. Let x(p) = -11*p + 15. Let w(u) = 9*t(u) + 4*x(u). Give w(0).
-3
Let a(v) = v**2 - 2*v - 3. Let l be a(-2). Suppose 0 = -4*y + 3 + l. Suppose 4*g = o - y*o, 0 = -5*o - 4*g. Let u(w) = w - 6. Give u(o).
-6
Suppose 4*o - 5*i + 10*i + 16 = 0, 5*o = -i + 1. Let b(w) = -2*w + 5*w - 1 - 3*w + 350*w**2 + 2*w - 346*w**2. Determine b(o).
5
Let q(r) = -5*r + 3*r**2 - 2*r**2 + 1 + 1. Suppose -2*c = -g + 4, 0 = -4*g - 2*c + 30 - 4. What is q(g)?
8
Let v(p) be the first derivative of 0*p - 1/3*p**3 + 0*p**2 - 3. Let a(k) = k**2 - 4*k + 2. Let o be a(4). Calculate v(o).
-4
Let x(s) = -s**3 + 0*s**3 - 14*s**2 + 10*s**2. Give x(-2).
-8
Let g(h) = -5*h. Let i(s) = s + 3*s + 2*s. Let w(n) = -6*g(n) - 6*i(n). Calculate w(-1).
6
Let h(p) = 5 - 3*p**3 - 1 + 0 + p + 4*p**3. Give h(0).
4
Let x(t) = -t**3 + 4*t**2 - 1. Let y be x(3). Suppose -q - q = y. Let j(n) = -n**2 - 5*n - 3. Give j(q).
1
Let m(z) be the first derivative of z**4/2 - z**3 + z**2 - z + 3. Let h(s) = -s**3 - 10*s**2 - 7*s + 20. Let b be h(-9). Calculate m(b).
7
Let k(n) be the first derivative of -n**4/12 - 2*n**3/3 - 2*n - 5. Let s(w) be the first derivative of k(w). Give s(-6).
-12
Let n(q) be the second derivative of 7*q**3/6 - 2*q. Let u = -52 - -54. Give n(u).
14
Let n be 3 + 0 - (-2 + 10). Let x(s) = -s**3 - 6*s**2 - 7*s. Give x(n).
10
Let d(r) = -2*r**2 + r - 1. Let y = -10 + 6. Let n be (6/y)/(15/20). Calculate d(n).
-11
Suppose s - v = -4*v + 7, s + 4*v = 10. Let c be ((-2)/(-3)*3)/s. Let t(r) be the first derivative of 2*r**4 + r**3/3 + 17. Give t(c).
-7
Let w(h) = 1 - h**3 + 51*h**2 - 25*h**2 - 29*h**2 + 2*h. Determine w(-3).
-5
Let z(g) be the second derivative of -1/10*g**5 - g**2 + 1/4*g**4 - 7*g + 0 - 1/6*g**3. Give z(2).
-8
Let x(k) = k - 1. Let s = -44 + 43. Determine x(s).
-2
Let i(o) = o - 5. Let g be i(9). Suppose 0 = -g*r - 0*r + 16. Let v(f) = -f**3 + 5*f**2 - 2*f - 5. Determine v(r).
3
Let f be 0 - 2 - (-2 + 0). Let g(s) = -s**2. Let l be g(f). Suppose -4*r + 3*c - 7 = 0, 4*c = -3*r - l*c + 1. Let h(t) = -9*t**2 - 2*t - 1. Determine h(r).
-8
Let b(a) = -a - 8 - 9 + 17. Give b(-6).
6
Let s(k) be the second derivative of k**3/6 + 3*k**2 + k. Let y(f) = f**3 + 3*f**2 - 8*f + 7. Let z be y(-5). What is s(z)?
3
Suppose 4*q + 5*t = -28, 5*t + 4 = 5*q - 6. Let m(g) = -2*g**2 - 2*g - 2. Calculate m(q).
-6
Suppose y = -4*v + 4, -4*y + 20 = y + 5*v. Let i(p) be the first derivative of -p - 1/4*p**y - 4/3*p**3 - 3 + 0*p**2. Calculate i(-4).
-1
Let y(v) = -284*v**2 - 3 - v + 569*v**2 - 292*v**2 - v**3. What is y(-7)?
4
Let z(v) be the first derivative of -v**4/4 + v**3 + 2*v**2 + v - 1. What is z(4)?
1
Let g be (0 + 3 - 1) + -3. Let h(b) = -20*b. Determine h(g).
20
Let z(n) = 3*n**2 - n - 6. Let f(s) = -13*s**2 + 3*s + 24. Let h(m) = -2*f(m) - 9*z(m). Determine h(5).
-4
Suppose 0*w + 5*w - 15 = 0. Let b(h) = 4 - 2 - 2 - w + h**2 + 7*h. Let m be b(-8). Let i(d) = -d**3 + 4*d**2 + 4*d - 5. What is i(m)?
-10
Let o(p) be the second derivative of -p**3/6 + p**2/2 + 6*p. Determine o(-2).
3
Let c(r) = 5*r - 24. Suppose 3*m - 4*m = -2. Let i(o) = -o + 6. Let z(b) = m*c(b) + 9*i(b). Suppose x - 24 = 4*x - 5*w, 0 = -2*x + 4*w - 18. Give z(x).
3
Let y(k) = -k**2 + 3*k + 14. Let t be y(6). Let u(j) = j**2 + 5*j + 4. Calculate u(t).
0
Let b(s) be the third derivative of s**7/840 - s**6/360 - s**5/120 + s**4/24 + 2*s**3/3 + 8*s**2. Let r(f) be the first derivative of b(f). Calculate r(1).
0
Let l(h) be the first derivative of -h**6/120 - h**5/120 - h**4/24 - 4*h**3/3 - 4. Let p(o) be the third derivative of l(o). What is p(-2)?
-11
Let v(u) = -u - 27*u**3 + 37*u**3 + 2*u**2 + 2*u. Let y = -3 - -2. Calculate v(y).
-9
Let m be (20/15)/(4/(-18)). Let k(q) = 0 + 0*q - 2*q + 4 - 2. Let v(d) = -6*d + 7. Let b(h) = m*v(h) + 17*k(h). What is b(6)?
4
Suppose 3 - 7 = -2*a. Let i(s) = -4*s**2 + 0 - 2*s + 3*s**a + 3. What is i(-3)?
0
Suppose 4*z + 14 = v, -v + 3*v = -2*z - 2. Let k(t) = -t + 3. Determine k(z).
6
Let f(w) = -w**3 + 2*w**2 + w + 2. Let m be f(3). Let u(p) = p + 10. Let l be u(-8). Let q(d) = 2*d**2 - 3*d + 2*d**l + 0 - 6 + d**3. What is q(m)?
6
Let k(q) = -4*q**3 + q**2 + 3*q + 4. Let f(y) = 7*y**3 - y**2 - 6*y - 8. Let s(n) = -3*f(n) - 5*k(n). Calculate s(-3).
4
Suppose 3*f - 2 = 1. Let b be 2/(-3)*(-2 - f). Let o = 0 + b. Let m(k) = k**2 - 1. Determine m(o).
3
Let m(s) be the third derivative of -s**6/120 - 7*s**5/60 + 7*s**4/24 + s**3/6 + 24*s**2. What is m(-8)?
9
Let p(x) = x**2 - 2*x - 2. Let a(b) = b**2 + 12*b + 4. Suppose -10*r + 48 = -14*r. Let i be a(r). Calculate p(i).
6
Let t(r) = -r**2 + 6*r - 6. Suppose 5*u - 4*y + 5 = -8, -2*y = 4*u + 26. Let p = 0 